 135. Let s = 861 - 569. Suppose -d - s = -2*k - f, -118 = -k - 5*d. Is k prime?
False
Suppose -2*m - 32 = -2*b, 3*b - 58 = 2*m - 24. Let w be 10/35 + 32/m. Let z(q) = -2*q + 3. Is z(w) a composite number?
False
Let z(y) = -9*y + 22. Let t(g) = 19*g - 43. Let i(d) = 6*t(d) + 11*z(d). Let o(a) = -a**3 + a**2 - 3*a + 9. Let h be o(0). Is i(h) composite?
True
Suppose 2*c - y = -3*y - 20, 0 = -5*c + 5*y. Is c/((-25)/395)*1 a prime number?
True
Let s = 83267 - 30330. Is s a prime number?
True
Let a(z) = -198*z - 206. Is a(-16) composite?
True
Let u(a) = -a**2 + 9*a + 22. Let s be u(11). Suppose s = -12*t + 11*t + 6247. Is t prime?
True
Let w = -110 + 270. Is (-80)/w + ((-587)/2)/(-1) a prime number?
True
Let m(k) = -k - 1. Let j be m(-2). Let x(s) = s**2 + 2*s. Let c(b) = 129*b**2 + b. Let l(h) = c(h) - x(h). Is l(j) prime?
True
Let b = 3 + -3. Suppose b*j - j + 154 = 0. Let z = -43 + j. Is z a prime number?
False
Let d be 1710/33 + (-4)/(-22). Suppose 4*n - 4*m - 44 = 0, -4*m + 9 = 2*n - 25. Suppose -d = -c - n. Is c composite?
True
Suppose -9*b + 269689 = -4*b - 2*a, 269701 = 5*b + 2*a. Is b composite?
False
Let k(g) = -g**2 - 4*g + 3. Let p = -24 - -20. Let l be k(p). Suppose -4*o + 1868 = 5*d + 246, -4*d = -l*o - 1310. Is d a prime number?
False
Let y be 76/28 + 5 + 2/7. Is 6/8 - (-2706)/y a composite number?
True
Let i = 150 - 1463. Let s = i + 2504. Is s prime?
False
Is (87/(-27) - -3) + (-109005)/(-27) a prime number?
False
Let f be 2/2 + 4/2. Suppose -3*z + 18 = f*b - z, -4*z + 16 = b. Suppose 3*n - b*q = 526, q - 109 - 71 = -n. Is n prime?
False
Let z(m) = 3*m**2 - 85*m - 5. Is z(38) a composite number?
False
Let z = -22122 + 35281. Is z composite?
False
Let w(z) = -13*z**3 - 5*z**2 + 25*z + 13. Let m(d) = -6*d**3 - 3*d**2 + 12*d + 6. Let h(x) = 5*m(x) - 2*w(x). Is h(-7) a prime number?
True
Suppose 4*z - 5*p = 21, 0*p + 2 = -2*p. Let b = 498 + -111. Suppose -z*q + b = -65. Is q composite?
False
Let u = 5255 + -2356. Is u a composite number?
True
Let g(l) = 1030*l**3 + 2*l**2 - 4*l + 2. Let n be g(1). Suppose 515 = b - 4*c, 0*c = 2*b + c - n. Is b prime?
False
Suppose 1615 = 2*x - 343. Suppose -291 - x = -5*y - 3*v, -3*v + 768 = 3*y. Is y a composite number?
False
Let d(t) = -117*t - 12. Let u be d(-5). Is (10/(-15))/((-2)/u) - 0 prime?
True
Let w be (-7)/(-4) + 14/56. Let p(g) = 7*g - 2*g**2 + 1 - 4*g**2 + 13*g**w. Is p(-10) a composite number?
False
Is (-12)/22 + (-492380)/(-77) + 1 prime?
False
Suppose -5*i = 5, -5*i - 55407 - 9823 = -5*c. Is c a composite number?
True
Suppose -7*v + 2*r + 39 = -2*v, -2*v = -r - 16. Suppose 2*t = -v + 3. Is (-59)/t*50/5 composite?
True
Let x(o) = 23*o**2 - 6*o + 4. Let v(t) = 22*t**2 - 5*t + 3. Let n(s) = 5*v(s) - 4*x(s). Let g(z) = -z**2 - 9*z + 2. Let m be g(-9). Is n(m) a composite number?
True
Suppose -5*p - 4*t = -9893, -p + t = -803 - 1172. Suppose -u = 3*j + 4*u + 1519, 4*j = 3*u - p. Is (-2)/6 - j/9 a prime number?
False
Let g = 248 + -162. Let i be 4/16 - g/(-8). Let k(b) = b**2 + 12*b + 12. Is k(i) prime?
False
Suppose 189*t = 187*t + 8. Suppose 0 = -5*o - 4*k + 3593, 4*k = -4*o - 0*k + 2876. Suppose o = t*y - y. Is y prime?
True
Let l(b) = -b**2 + 3*b + 1. Let d be l(4). Suppose -2*t + 4812 = 2*t. Is t*(1 - (-2)/d) a composite number?
False
Suppose 6 = -3*i + 4*i + 4*m, m = -4*i + 54. Suppose -15*j = -i*j - 865. Is j a prime number?
False
Let c = 16 - -47. Suppose 4*x = -c + 11. Is (x/(-39))/((-2)/(-90)) a prime number?
False
Let j be (-14)/(-3) + 2/6. Suppose 1590 = 5*s + j*c, 3*s = c + 875 + 75. Is s a composite number?
False
Let a(w) = 1616*w - 199. Is a(7) a composite number?
False
Suppose -401*p + 394*p = -260323. Is p a composite number?
False
Let g(r) = r. Let i be g(-5). Is (i/5)/(3/(-1095)) composite?
True
Let c(n) = 1014*n - 1175. Is c(18) a prime number?
True
Let i(k) = 3 + 0*k**2 - 4*k**2 + 6*k**2 + k**2 + 8*k. Is i(8) composite?
True
Let q = 2882 + -1099. Is q a prime number?
True
Let l = 8 - 6. Let t(f) = -f + 2 + 3*f**l - 2*f**2 - 9*f**3 + 3*f**2 - 5*f**2. Is t(-3) composite?
False
Let m(s) = s**2 + 6*s + 6. Let o be m(-4). Is 113/(-2)*1*o a prime number?
True
Let l = 724 - -474. Is l a composite number?
True
Let i = 29 - 37. Let b(s) = -2*s**2 - 5*s - 9. Let o be b(i). Is (o - -11)*(-2)/4 composite?
False
Let p(q) = -q**3 + 11*q**2 - 11*q + 14. Let s be p(10). Is 614/8 - (-1)/s a prime number?
False
Suppose 6*g - 9*g + 8454 = 0. Suppose -2*f + 5*f = -b + 4217, -4*b + g = 2*f. Is f a prime number?
False
Suppose -153*p + 20585 = -130*p. Is p a composite number?
True
Let j(g) = -5 - 17*g - 39*g + 11*g - g. Is j(-6) a composite number?
False
Suppose -2*k + 3*l = 32, 0 = k - 2*l + 24 - 8. Let f = -13 - k. Suppose z + f*z = 364. Is z prime?
False
Let v = -49964 + 82525. Is v prime?
True
Let l = -26 - -36. Is 2*(2075/l - 3) prime?
True
Let o(y) = -4*y**3 - 7*y**2 - 2*y - 3. Let w be (-17)/3 + 2/3. Let s be o(w). Suppose p - 3*k - 83 = 0, 4*p - s = -0*p - 4*k. Is p a prime number?
True
Suppose 17*x = 12*x + 2495. Is x composite?
False
Let q = -45541 - -74298. Is q a composite number?
True
Let c(k) = -k**3 - 13*k**2 + 13*k - 8. Let f be c(-14). Is (37/2)/(33/(-6) + f) a prime number?
True
Is (-6)/(-10) + (441630/50)/9 composite?
True
Suppose 6 + 6 = 2*q. Let m(p) = -3 + 6*p - q*p**3 - 8*p**3 - 8*p - p**2. Is m(-2) composite?
False
Let o(h) = 4 + 460*h + 0 - 7*h. Is o(1) composite?
False
Let x(k) = -7 + 0 + 2 - k**2 - 10*k. Let j be x(-9). Suppose -4*w - 1838 = -j*l + 1730, 4*l = w + 3559. Is l prime?
False
Suppose -5*y = -r - 3*y + 4, -4*r - 2 = y. Suppose -3*x + 2*o = -0*x - 652, r = 2*o + 4. Suppose -138 = -3*h + x. Is h prime?
False
Suppose 5*w - 25 = -0*w. Let m(a) = -w + a - 2*a**2 + 4*a + 4 - 3*a + 70*a**3. Is m(1) a prime number?
False
Let l be 6 - -30 - (-2 - -1). Let u(c) = -89*c + 37 - 69*c - l. Is u(-1) composite?
True
Let t = 930 - -88. Is t a prime number?
False
Let j = 739 - 112. Suppose 0 = -4*k + 16, 1 = -7*o + 2*o + 4*k. Suppose t - j = -n, -o*n = -2*t - 1892 + 31. Is n prime?
False
Let k = 5 - 15. Let z = 39 + k. Let s = z - -112. Is s a composite number?
True
Let v(w) = -w**3 + 7*w**2 - 8*w + 8. Let a be v(6). Let b be (a + 1)/3*-4. Suppose b*y + 1761 = 7*y. Is y prime?
True
Let y = 3078 + 5050. Is y/12 - (40/12 + -3) a prime number?
True
Suppose -5*x - 21745 = -5*r, 0 = -r - 7*x + 2*x + 4373. Is r a composite number?
True
Suppose 0 = 5*v - 3*p - 129098, -51637 = 26*v - 28*v - p. Is v a prime number?
True
Suppose 6*o + 1110 = 11*o. Suppose -u = -197 - o. Is u a composite number?
False
Let y(l) = l**3 - 2*l**2 + 3. Let z be y(0). Suppose z*s + 1131 = 3*k, -2*s - 756 = -2*k - s. Is k a prime number?
True
Let i = 784 + -377. Suppose -5*x + f + 1077 = -958, x - 5*f - i = 0. Is x prime?
False
Suppose 2*t + 2664 = 6*t. Suppose 5*i = 2*i + 4*l + 484, -4*i + t = 5*l. Let n = 69 + i. Is n a composite number?
False
Suppose 12 = -2*a - 0*a. Is a - -2 - 2*-13 a prime number?
False
Let k = -641 - -938. Suppose -n = -4*v - 417, -2*n + 2*v = -525 - k. Is n a prime number?
True
Is (-1)/8*-61762 + 3/4 composite?
True
Suppose k = 2*r - 22490, r + 2*r + 2*k - 33742 = 0. Is r a prime number?
False
Let g(p) = p + 3. Let t be g(3). Let o be t/(-10) - (-54)/(-10). Is o/12 + (-899)/(-2) a composite number?
False
Let i(x) = 15*x**3 + 10*x**2 + 6*x + 6. Suppose 14 = 2*o + 2*y, -15 = -5*o + y + 4*y. Is i(o) prime?
True
Suppose 0 = -42*f + 41*f + 57185. Is f a composite number?
True
Let n(l) = -l**2 - 3*l + 18. Let a be n(-6). Suppose a = 12*w - 10*w - 38. Is (-1 + w - 4)*1 prime?
False
Suppose 2 = c - s - 10, 0 = 4*c + s - 28. Let z be -2*4/c*-2. Suppose -z*p + p = -611. Is p a composite number?
True
Let l = 11750 - -60255. Is l a prime number?
False
Let u = 4354 + -878. Let i = u - 657. Is i a composite number?
False
Let h be (-9)/6*(-4)/3. Suppose 0 = -h*d + 6*d - 32. Let v(m) = 42*m - 9. Is v(d) prime?
False
Let i(a) = -a**2 - 11*a - 25. Let m be i(-8). Let k(u) be the third derivative of -49*u**4/4 - u**3/6 - u**2. Is k(m) prime?
True
Let m(c) be the second derivative of -c**5/20 - 5*c**4/4 - 2*c**3 + 11*c**2/2 + 8*c. Let w = -10 + -5. Is m(w) a prime number?
True
Let u(c) = c**2 - 6*c - 5. Let z be (-1)/(66/(-21) - -3). Let p be u(z). Is (35/p + 1)*2 a composite number?
False
Suppose